 the prime factors of k.
2, 29, 157
Suppose -8*g + 25*g + 33457 = 18*g. What are the prime factors of g?
33457
Let a(r) = -42*r**3 + r**2 + 4. Let y(s) = -s**2 + 2*s - 2. Let q be y(2). List the prime factors of a(q).
2, 43
Suppose -5*x - 10135 = -h - 33349, -2*h = -4*x + 18576. What are the prime factors of x?
2, 11, 211
Suppose 25*a + 17 = 142. Suppose 3*v - 7*v + 755 = -a*f, 6*v = -4*f + 1144. What are the prime factors of v?
2, 5, 19
Suppose -4*g = 5*q - 85, -2*g + 17 + 8 = -q. Let x = 420 + g. List the prime factors of x.
3, 5, 29
Let a(g) = -1063*g - 12493. List the prime factors of a(-58).
3, 7, 2341
Suppose 0 = -3*k - 27211 + 7123. What are the prime factors of k/(-14) - (-6)/(-21)?
2, 239
Let s = 10065 - 6844. What are the prime factors of s?
3221
Suppose 2648 = -25*s - 21577. Let i = -556 - s. What are the prime factors of i?
7, 59
Let n = 99 - -36. Suppose n = -2*i + 169. Let o(k) = 3*k - 18. List the prime factors of o(i).
3, 11
Let b(v) = 928*v**2 - 30*v + 60. List the prime factors of b(2).
2, 29
Let l(d) = 18*d**2 + 5*d + 4. Let h be l(-3). Let p be 42 + -20 + 168/12. Let t = p + h. What are the prime factors of t?
11, 17
Let n be 1/(4/36*3) + 385. Let x = n - 204. Suppose 80 = 4*p - x. List the prime factors of p.
2, 3, 11
Let d be (-28)/(-49) - (-62)/14. Suppose -3*i - d*n + 15 = 0, 15 = 3*i + n - 0*n. Suppose 2*y - 25 = -3*y, 3*y = -i*k + 295. List the prime factors of k.
2, 7
Let v(s) = -s**3 - 5*s**2 + 2*s - 14. Let x be v(-6). Suppose 6*m - x*m = -1788. What are the prime factors of m?
3, 149
Suppose -2*t - 3*u + 2125 = 2*t, -u + 3 = 0. Suppose 19*s - 20*s = -t. List the prime factors of s.
23
Suppose 25061 = 5*d + 4*j - 5599, -2*d - 3*j + 12271 = 0. What are the prime factors of d?
2, 383
Suppose g + 5*l - 10 = 0, -4*g + 4*l - 8 = -2*g. Suppose g = 17*t - 16*t - 98. List the prime factors of t.
2, 7
Let f = 325 + -177. Let c = -108 + f. What are the prime factors of c?
2, 5
Let h(k) = 2*k - 30. Let o = -12 + 27. Let f be h(o). Suppose 11*n - 420 - 306 = f. What are the prime factors of n?
2, 3, 11
Let w(z) be the second derivative of z**5/20 + 2*z**4/3 + 3*z**3/2 - 13*z**2/2 - 11*z. Let i be w(-6). Suppose 4*o = i*o - 119. List the prime factors of o.
7, 17
Let w = -41 - -27. Let a be (-1)/3*(w - -8). Suppose -211 = -h - a*o, 2*h - 223 = h - 5*o. List the prime factors of h.
7, 29
Suppose 25*k - 12 = 22*k. List the prime factors of 2054/2 + (180/9)/k.
2, 3, 43
Let a be 16/4 + 25 + -2. Suppose -q - z = 4*z - a, -30 = -2*q - 4*z. Suppose -6*o + 390 = q*o. What are the prime factors of o?
2, 3, 5
Suppose -11*i = -11 - 44. Suppose 5*z - 3*j - 511 = 1644, i*z = 4*j + 2150. List the prime factors of z.
2, 7, 31
Suppose 8*m - 107970 = -4*m - 21714. What are the prime factors of m?
2, 3, 599
Let h = -49092 + 72134. List the prime factors of h.
2, 41, 281
Suppose -2*v - 13*v = 3285. Let m = v + 664. List the prime factors of m.
5, 89
Suppose -4*z = f - 13, -2*z + 6 + 0 = 0. Let o be 7 + 2 + (-3 - f). Suppose 4*j - o*k = 18 + 871, 3*k = -5*j + 1102. What are the prime factors of j?
13, 17
Suppose -2*b = i + 5, -45 = -i + 4*b - 20. Suppose 3*g - 3*z = -6*z + 519, 4*g + i*z - 687 = 0. List the prime factors of g.
2, 89
What are the prime factors of -6 + 335564/16 - (-4)/(-7 - -23)?
3, 29, 241
Let g(w) = 47*w + 25. Let y be 40/4 - 0/8. List the prime factors of g(y).
3, 5, 11
Let w(k) = 19*k**2 - 88*k - 37. What are the prime factors of w(-20)?
9323
Suppose 16*x = 18*x + 3806. Let s = x - -3477. What are the prime factors of s?
2, 787
Suppose u - 31573 = -3*p, 55*u + 3 = 58*u. What are the prime factors of p?
2, 3, 877
Let l(y) = -y**2 - y + 2. Let v(f) = 155*f**2 - 6*f + 5. Let d(t) = 4*l(t) + v(t). List the prime factors of d(2).
3, 199
Suppose 13*p + 100 = 3*p. Let t be 12/10*p/3. List the prime factors of (24/(-45))/t - 9832/(-60).
2, 41
Let q = 15172 + -13704. What are the prime factors of q?
2, 367
Let s(h) = 2*h**2 - 22*h + 22. Let p be s(10). Let f be 5/10 - 1/p. Suppose -t + 4*o + 87 = f, -o + 6*o - 510 = -5*t. List the prime factors of t.
3, 11
Suppose -2*a = -4*y - 3*a + 3012, 3*a - 3012 = -4*y. Let r = 1061 - y. List the prime factors of r.
2, 7, 11
What are the prime factors of ((-924)/21 + 36)/((-1)/7387*1)?
2, 83, 89
Suppose 0 = -h + 5*j - 21, -8 - 3 = -4*h + j. Let w(g) = 7*g**2 - 4*g - 8. Let a be w(h). Suppose 9*z - a = 524. What are the prime factors of z?
2, 17
Suppose 3*k + 21 = -5*v - 0, -v = 3*k + 9. List the prime factors of v/((-5)/(-2985)*-3).
3, 199
Let s be (-18)/((-6)/1) + 2. Suppose s*v = 5*k + 6105, -113*v + 2427 = -111*v + k. What are the prime factors of v?
2, 19
Suppose 2*a - 170 = 2*y, -4*a + 3*y = -9*a + 409. Let w = 83 - a. Suppose 2*m = -4, -2*q - 3*q - 3*m + 614 = w. List the prime factors of q.
2, 31
What are the prime factors of 12 + 11 - -53691 - -5?
53719
Suppose -23*d + 16*d = -30*d + 523296. What are the prime factors of d?
2, 3, 79
Suppose 0 = -5*m, -3*s + 1016 = m - 382. Let u = 929 - s. What are the prime factors of u?
463
Suppose -3*c - 63986 = -4*x, -x + 18*c + 16019 = 21*c. What are the prime factors of x?
16001
Let g(p) be the third derivative of 3*p**5/20 - p**4/4 + p**3/6 - 4*p**2. Let r be (6/8)/(7/28). What are the prime factors of g(r)?
2
Suppose 4*o = -0 + 16. Suppose -248 - 80 = -o*v. What are the prime factors of v + (-1)/(4/(-8))?
2, 3, 7
List the prime factors of -78*(-3)/9*9945/30.
3, 13, 17
Suppose -21 = g - 8*g. Suppose -x + g*x - 2*v = 312, -2*v - 6 = 0. List the prime factors of x.
3, 17
Let q(x) = 2*x**2 - 6*x + 776. Let n be q(0). Suppose -n = -10*w + 2054. What are the prime factors of w?
283
Let u(j) = 681*j**2 + 10*j + 39. List the prime factors of u(5).
2, 43, 199
Let r = -81 + 87. Let u be 2/r + (-4784)/(-12). Suppose -5*j + 5*n = -495, 0*n - u = -4*j + n. What are the prime factors of j?
2, 5
Let r(p) = -p**3 + 124*p**2 - 237*p + 71. List the prime factors of r(119).
139, 307
Suppose -2*x = t + x - 1220, -x = -t + 1196. What are the prime factors of t?
2, 601
Let v(a) = -a**3 + 43*a**2 + 638*a - 163. List the prime factors of v(46).
41, 557
Suppose 0 = -3*r - 9, 0*s - 4*r - 5384 = -2*s. Suppose -5*w + 44 + s = 0. List the prime factors of w.
2, 3, 7, 13
Let r(o) = 22*o**2 + 4*o - 3. Suppose -12 = 5*h - 2*h. Let b be (-4 + h/8)*(-8)/18. What are the prime factors of r(b)?
3, 31
Let p(g) = 22*g - 14. Suppose -4 = 5*z - 6*z. Suppose 3*o + 9 = y + 32, -4*o + z*y + 44 = 0. What are the prime factors of p(o)?
2, 59
Let w(x) = 373*x**2 - 26*x - 224. List the prime factors of w(-6).
2, 5, 167
Suppose 3*y = -15, 4*n - 5*n = y. Suppose -2*x = -n*c - 3, -5*x + c = -2*c - 17. Suppose -5*o + 3*a + 164 = 7*a, -o - x*a + 20 = 0. List the prime factors of o.
2, 3
Let t be ((-488)/10)/((-58)/435). Let g = t - -436. Suppose -g = -8*q - 106. List the prime factors of q.
3, 29
What are the prime factors of 4575 - (2 - 62)/12?
2, 5, 229
Let q(s) = 13*s**2 - 6*s - 8. Suppose -11*o = -140 + 19. List the prime factors of q(o).
1499
Let t be (6/(-8))/(-3) + (-25)/4. List the prime factors of ((-1042)/(-3))/(t/(-9)).
521
Let d(v) = 480*v - 101. List the prime factors of d(1).
379
Let s(h) = h**3 - 30*h**2 + 19*h + 46. Let q be s(29). Let o = 348 + q. List the prime factors of o.
2, 13
Let p(j) = j**2 + 12*j - 31. Let o be p(-13). Let v = 44 - 57. Let u = v - o. List the prime factors of u.
5
Suppose -10*m + 6*m - 5926 = -2*f, f = -5*m + 2942. List the prime factors of f.
2957
Suppose 2*u = -4*j + 4*u - 1036, -526 = 2*j - 5*u. Let y = 389 + j. List the prime factors of y.
131
Suppose -4*o + 4*p + 1368 = 0, -4*o + 0*o - 3*p + 1389 = 0. Suppose 13 = -n - 3*y + 86, -o = -5*n - 5*y. What are the prime factors of n?
67
Suppose 4*a - 3*a + 0*a = 0. Let l = 4 + a. Suppose -7*o + 507 = -l*o. What are the prime factors of o?
13
Let r(t) = 2*t**2 - 22*t - 54. Let m be r(14). List the prime factors of m/(-9)*(-1749)/22.
5, 53
Suppose 2*f - 7 + 7 = 0. Suppose 5*h - 989 = 5*y - 14, f = h + 2*y - 195. Suppose 0 = -51*m + 46*m + h. What are the prime factors of m?
3, 13
Suppose -2*b - 2852 = u - 14986, 4*b - 24260 = -4*u. What are the prime factors of b?
3, 7, 17
Suppose 0 = 12*w + 3960 + 2580. Let m = w + 709. What are the prime factors of m?
2, 41
Let q(c) = 21*c**3 - 2*c**2 - 5*c + 5. Suppose -